{"id":129648,"date":"2026-02-27T08:23:34","date_gmt":"2026-04-18T21:20:21","guid":{"rendered":"https:\/\/www.noz.fr\/?post_type=job_listing&#038;p=129648"},"modified":"2026-04-30T09:15:25","modified_gmt":"2026-04-30T07:15:25","slug":"preparateur-de-commandes-h-f-13","status":"publish","type":"job_listing","link":"https:\/\/www.noz.fr\/en\/offres\/preparateur-de-commandes-h-f-13\/","title":{"rendered":"Pr\u00e9parateur de commandes H\/F"},"content":{"rendered":"<p>NOZ, 100% bonnes affaires &#8211; 100% \u00e9conomie circulaire, recherche ses futurs talents !<\/p>\n<p>Chez Noz, nous consid\u00e9rons que chaque collaborateur est un talent et tous les profils sont les bienvenus<\/p>\n<p>Envie de rejoindre un projet ambitieux ?<\/p>\n<p><strong>Devenez pr\u00e9parateur de commandes pour notre entrep\u00f4t du <span style=\"font-size:1.3em\">Genest-Saint-Isle<\/span><\/strong><\/p>\n<p><strong><br \/>Votre futur quotidien chez NOZ :<\/strong><br \/>Notre d\u00e9p\u00f4t logistique approvisionne nos magasins et plateformes en consommables (Papiers, portes affiches, v\u00eatements, produits d\u2019entretiens,\u2026). Nous avons donc besoin de vous pour :<\/p>\n<ul>\n<li>\n<p>Pr\u00e9parer les commandes<\/p>\n<\/li>\n<li>\n<p>R\u00e9ceptionner les commandes<\/p>\n<\/li>\n<li>\n<p>Charger et d\u00e9charger les camions<\/p>\n<\/li>\n<li>\n<p>V\u00e9rifier la conformit\u00e9 des commandes \u00e0 livrer et des produits&nbsp;r\u00e9ceptionn\u00e9s&nbsp;(quantit\u00e9s, r\u00e9f\u00e9rences)<\/p>\n<\/li>\n<li>\n<p>Trier et ranger le mat\u00e9riel provenant des magasins&nbsp;<\/p>\n<\/li>\n<\/ul>\n<p style=\"min-height: 1.7em\">\n<p><strong>Pourquoi rejoindre l\u2019Univers NOZ<\/strong><\/p>\n<ul>\n<li>\n<p>Vous aimez \u00e9voluer dans des environnements agiles ? Vous aimez que vos journ\u00e9es ne soient jamais pareilles ?<\/p>\n<\/li>\n<li>\n<p>Vous souhaitez contribuez \u00e0 un projet o\u00f9 chacun aura l\u2019opportunit\u00e9 de s\u2019\u00e9panouir et de grandir ?<\/p>\n<\/li>\n<li>\n<p>Lutter contre le gaspillage vous inspire ? <\/p>\n<\/li>\n<\/ul>\n<p><strong>En pratique :<\/strong><\/p>\n<ul>\n<li>\n<p>Le petit + : des \u00e9quipes conviviales \u00e0 taille humaine au sein d\u2019une entreprise internationale.<\/p>\n<\/li>\n<\/ul>\n<p><strong><br \/>Envie d\u2019en savoir plus ?<\/strong><\/p>\n<p>N\u2019h\u00e9sitez pas \u00e0 nous envoyer votre CV <\/p>\n<p>Nous vous r\u00e9pondrons au plus vite et nous aurons peut-\u00eatre plaisir \u00e0 en savoir plus sur vous<\/p>\n<p>Rendez-vous sur : <a rel=\"noopener\" target=\"_blank\" href=\"https:\/\/www.noz.fr\/en\/\">NOZ &#8211; N\u00b0 1 des magasins de d\u00e9stockage en France et Europe<\/a><\/p>\n<p style=\"min-height: 1.7em\">","protected":false},"author":0,"featured_media":0,"template":"","meta":{"_acf_changed":false,"inline_featured_image":false,"_promoted":"","_job_location":"Le Genest-Saint-Isle","_application":"noreply@noz.fr","_company_name":"","_company_website":"","_company_tagline":"","_company_twitter":"","_company_video":"","_filled":0,"_featured":0,"_remote_position":0,"_job_salary":"","_job_salary_currency":"","_job_salary_unit":"","_links_to":"","_links_to_target":""},"job-categories":[],"job-types":[127],"departement":[28],"metier":[],"region":[29],"secteur_dactivite":[97],"class_list":{"0":"post-129648","1":"job_listing","2":"type-job_listing","3":"status-publish","4":"hentry","5":"departement-mayenne","6":"region-pays-de-la-loire","7":"secteur_dactivite-logistique","9":"job-type-temps-plein-a-duree-indeterminee"},"acf":[],"yoast_head":"<!-- This site is optimized with the Yoast SEO plugin v27.5 - https:\/\/yoast.com\/product\/yoast-seo-wordpress\/ -->\n<title>Pr\u00e9parateur de commandes H\/F - Noz<\/title>\n<meta name=\"robots\" content=\"index, follow, max-snippet:-1, max-image-preview:large, max-video-preview:-1\" \/>\n<link rel=\"canonical\" href=\"https:\/\/www.noz.fr\/en\/offres\/preparateur-de-commandes-h-f-13\/\" \/>\n<meta property=\"og:locale\" content=\"en_GB\" \/>\n<meta property=\"og:type\" content=\"article\" \/>\n<meta property=\"og:title\" content=\"Pr\u00e9parateur de commandes H\/F - Noz\" \/>\n<meta property=\"og:description\" content=\"NOZ, 100% bonnes affaires &#8211; 100% \u00e9conomie circulaire, recherche ses futurs talents ! Chez Noz, nous consid\u00e9rons que chaque collaborateur est un talent et tous les profils sont les bienvenus Envie de rejoindre un projet ambitieux ? Devenez pr\u00e9parateur de commandes pour notre entrep\u00f4t du Genest-Saint-Isle Votre futur quotidien chez NOZ :Notre d\u00e9p\u00f4t logistique approvisionne [&hellip;]\" \/>\n<meta property=\"og:url\" content=\"https:\/\/www.noz.fr\/en\/offres\/preparateur-de-commandes-h-f-13\/\" \/>\n<meta property=\"og:site_name\" content=\"Noz\" \/>\n<meta property=\"article:modified_time\" content=\"2026-04-30T07:15:25+00:00\" \/>\n<meta name=\"twitter:card\" content=\"summary_large_image\" \/>\n<meta name=\"twitter:label1\" content=\"Estimated reading time\" \/>\n\t<meta name=\"twitter:data1\" content=\"1 minute\" \/>\n<script type=\"application\/ld+json\" class=\"yoast-schema-graph\">{\"@context\":\"https:\\\/\\\/schema.org\",\"@graph\":[{\"@type\":\"WebPage\",\"@id\":\"https:\\\/\\\/www.noz.fr\\\/en\\\/offres\\\/preparateur-de-commandes-h-f-13\\\/\",\"url\":\"https:\\\/\\\/www.noz.fr\\\/en\\\/offres\\\/preparateur-de-commandes-h-f-13\\\/\",\"name\":\"Pr\u00e9parateur de commandes H\\\/F - Noz\",\"isPartOf\":{\"@id\":\"https:\\\/\\\/www.noz.fr\\\/#website\"},\"datePublished\":\"2026-04-18T21:20:21+00:00\",\"dateModified\":\"2026-04-30T07:15:25+00:00\",\"breadcrumb\":{\"@id\":\"https:\\\/\\\/www.noz.fr\\\/en\\\/offres\\\/preparateur-de-commandes-h-f-13\\\/#breadcrumb\"},\"inLanguage\":\"en-GB\",\"potentialAction\":[{\"@type\":\"ReadAction\",\"target\":[\"https:\\\/\\\/www.noz.fr\\\/en\\\/offres\\\/preparateur-de-commandes-h-f-13\\\/\"]}]},{\"@type\":\"BreadcrumbList\",\"@id\":\"https:\\\/\\\/www.noz.fr\\\/en\\\/offres\\\/preparateur-de-commandes-h-f-13\\\/#breadcrumb\",\"itemListElement\":[{\"@type\":\"ListItem\",\"position\":1,\"name\":\"Accueil\",\"item\":\"https:\\\/\\\/www.noz.fr\\\/\"},{\"@type\":\"ListItem\",\"position\":2,\"name\":\"Pr\u00e9parateur de commandes H\\\/F\"}]},{\"@type\":\"WebSite\",\"@id\":\"https:\\\/\\\/www.noz.fr\\\/#website\",\"url\":\"https:\\\/\\\/www.noz.fr\\\/\",\"name\":\"Noz\",\"description\":\"\",\"potentialAction\":[{\"@type\":\"SearchAction\",\"target\":{\"@type\":\"EntryPoint\",\"urlTemplate\":\"https:\\\/\\\/www.noz.fr\\\/?s={search_term_string}\"},\"query-input\":{\"@type\":\"PropertyValueSpecification\",\"valueRequired\":true,\"valueName\":\"search_term_string\"}}],\"inLanguage\":\"en-GB\"}]}<\/script>\n<!-- \/ Yoast SEO plugin. -->","yoast_head_json":{"title":"Pr\u00e9parateur de commandes H\/F - Noz","robots":{"index":"index","follow":"follow","max-snippet":"max-snippet:-1","max-image-preview":"max-image-preview:large","max-video-preview":"max-video-preview:-1"},"canonical":"https:\/\/www.noz.fr\/en\/offres\/preparateur-de-commandes-h-f-13\/","og_locale":"en_GB","og_type":"article","og_title":"Pr\u00e9parateur de commandes H\/F - Noz","og_description":"NOZ, 100% bonnes affaires &#8211; 100% \u00e9conomie circulaire, recherche ses futurs talents ! Chez Noz, nous consid\u00e9rons que chaque collaborateur est un talent et tous les profils sont les bienvenus Envie de rejoindre un projet ambitieux ? Devenez pr\u00e9parateur de commandes pour notre entrep\u00f4t du Genest-Saint-Isle Votre futur quotidien chez NOZ :Notre d\u00e9p\u00f4t logistique approvisionne [&hellip;]","og_url":"https:\/\/www.noz.fr\/en\/offres\/preparateur-de-commandes-h-f-13\/","og_site_name":"Noz","article_modified_time":"2026-04-30T07:15:25+00:00","twitter_card":"summary_large_image","twitter_misc":{"Estimated reading time":"1 minute"},"schema":{"@context":"https:\/\/schema.org","@graph":[{"@type":"WebPage","@id":"https:\/\/www.noz.fr\/en\/offres\/preparateur-de-commandes-h-f-13\/","url":"https:\/\/www.noz.fr\/en\/offres\/preparateur-de-commandes-h-f-13\/","name":"Pr\u00e9parateur de commandes H\/F - Noz","isPartOf":{"@id":"https:\/\/www.noz.fr\/#website"},"datePublished":"2026-04-18T21:20:21+00:00","dateModified":"2026-04-30T07:15:25+00:00","breadcrumb":{"@id":"https:\/\/www.noz.fr\/en\/offres\/preparateur-de-commandes-h-f-13\/#breadcrumb"},"inLanguage":"en-GB","potentialAction":[{"@type":"ReadAction","target":["https:\/\/www.noz.fr\/en\/offres\/preparateur-de-commandes-h-f-13\/"]}]},{"@type":"BreadcrumbList","@id":"https:\/\/www.noz.fr\/en\/offres\/preparateur-de-commandes-h-f-13\/#breadcrumb","itemListElement":[{"@type":"ListItem","position":1,"name":"Accueil","item":"https:\/\/www.noz.fr\/"},{"@type":"ListItem","position":2,"name":"Pr\u00e9parateur de commandes H\/F"}]},{"@type":"WebSite","@id":"https:\/\/www.noz.fr\/#website","url":"https:\/\/www.noz.fr\/","name":"Noz","description":"","potentialAction":[{"@type":"SearchAction","target":{"@type":"EntryPoint","urlTemplate":"https:\/\/www.noz.fr\/?s={search_term_string}"},"query-input":{"@type":"PropertyValueSpecification","valueRequired":true,"valueName":"search_term_string"}}],"inLanguage":"en-GB"}]}},"_links":{"self":[{"href":"https:\/\/www.noz.fr\/en\/wp-json\/wp\/v2\/job-listings\/129648","targetHints":{"allow":["GET"]}}],"collection":[{"href":"https:\/\/www.noz.fr\/en\/wp-json\/wp\/v2\/job-listings"}],"about":[{"href":"https:\/\/www.noz.fr\/en\/wp-json\/wp\/v2\/types\/job_listing"}],"wp:attachment":[{"href":"https:\/\/www.noz.fr\/en\/wp-json\/wp\/v2\/media?parent=129648"}],"wp:term":[{"taxonomy":"job_listing_category","embeddable":true,"href":"https:\/\/www.noz.fr\/en\/wp-json\/wp\/v2\/job-categories?post=129648"},{"taxonomy":"job_listing_type","embeddable":true,"href":"https:\/\/www.noz.fr\/en\/wp-json\/wp\/v2\/job-types?post=129648"},{"taxonomy":"departement","embeddable":true,"href":"https:\/\/www.noz.fr\/en\/wp-json\/wp\/v2\/departement?post=129648"},{"taxonomy":"metier","embeddable":true,"href":"https:\/\/www.noz.fr\/en\/wp-json\/wp\/v2\/metier?post=129648"},{"taxonomy":"region","embeddable":true,"href":"https:\/\/www.noz.fr\/en\/wp-json\/wp\/v2\/region?post=129648"},{"taxonomy":"secteur_dactivite","embeddable":true,"href":"https:\/\/www.noz.fr\/en\/wp-json\/wp\/v2\/secteur_dactivite?post=129648"}],"curies":[{"name":"wp","href":"https:\/\/api.w.org\/{rel}","templated":true}]}}

Préparateur de commandes H/F

<p>NOZ, 100% bonnes affaires &#8211; 100% économie circulaire, recherche ses futurs talents !</p>
<p>Chez Noz, nous considérons que chaque collaborateur est un talent et tous les profils sont les bienvenus</p>
<p>Envie de rejoindre un projet ambitieux ?</p>
<p><strong>Devenez préparateur de commandes pour notre entrepôt du <span style="font-size:1.3em">Genest-Saint-Isle</span></strong></p>
<p><strong><br />Votre futur quotidien chez NOZ :</strong><br />Notre dépôt logistique approvisionne nos magasins et plateformes en consommables (Papiers, portes affiches, vêtements, produits d’entretiens,…). Nous avons donc besoin de vous pour :</p>
<ul>
<li>
<p>Préparer les commandes</p>
</li>
<li>
<p>Réceptionner les commandes</p>
</li>
<li>
<p>Charger et décharger les camions</p>
</li>
<li>
<p>Vérifier la conformité des commandes à livrer et des produits&nbsp;réceptionnés&nbsp;(quantités, références)</p>
</li>
<li>
<p>Trier et ranger le matériel provenant des magasins&nbsp;</p>
</li>
</ul>
<p style="min-height: 1.7em">
<p><strong>Pourquoi rejoindre l’Univers NOZ</strong></p>
<ul>
<li>
<p>Vous aimez évoluer dans des environnements agiles ? Vous aimez que vos journées ne soient jamais pareilles ?</p>
</li>
<li>
<p>Vous souhaitez contribuez à un projet où chacun aura l’opportunité de s’épanouir et de grandir ?</p>
</li>
<li>
<p>Lutter contre le gaspillage vous inspire ? </p>
</li>
</ul>
<p><strong>En pratique :</strong></p>
<ul>
<li>
<p>Le petit + : des équipes conviviales à taille humaine au sein d’une entreprise internationale.</p>
</li>
</ul>
<p><strong><br />Envie d’en savoir plus ?</strong></p>
<p>N’hésitez pas à nous envoyer votre CV </p>
<p>Nous vous répondrons au plus vite et nous aurons peut-être plaisir à en savoir plus sur vous</p>
<p>Rendez-vous sur : <a rel="noopener" target="_blank" href="https://www.noz.fr/en/">NOZ &#8211; N° 1 des magasins de déstockage en France et Europe</a></p>
<p style="min-height: 1.7em">

<!-- This site is optimized with the Yoast SEO plugin v27.5 - https://yoast.com/product/yoast-seo-wordpress/ -->
<title>Préparateur de commandes H/F - Noz</title>
<meta name="robots" content="index, follow, max-snippet:-1, max-image-preview:large, max-video-preview:-1" />
<link rel="canonical" href="https://www.noz.fr/en/offres/preparateur-de-commandes-h-f-13/" />
<meta property="og:locale" content="en_GB" />
<meta property="og:type" content="article" />
<meta property="og:title" content="Préparateur de commandes H/F - Noz" />
<meta property="og:description" content="NOZ, 100% bonnes affaires &#8211; 100% économie circulaire, recherche ses futurs talents ! Chez Noz, nous considérons que chaque collaborateur est un talent et tous les profils sont les bienvenus Envie de rejoindre un projet ambitieux ? Devenez préparateur de commandes pour notre entrepôt du Genest-Saint-Isle Votre futur quotidien chez NOZ :Notre dépôt logistique approvisionne [&hellip;]" />
<meta property="og:url" content="https://www.noz.fr/en/offres/preparateur-de-commandes-h-f-13/" />
<meta property="og:site_name" content="Noz" />
<meta property="article:modified_time" content="2026-04-30T07:15:25+00:00" />
<meta name="twitter:card" content="summary_large_image" />
<meta name="twitter:label1" content="Estimated reading time" />
	<meta name="twitter:data1" content="1 minute" />
<script type="application/ld+json" class="yoast-schema-graph">{"@context":"https:\/\/schema.org","@graph":[{"@type":"WebPage","@id":"https:\/\/www.noz.fr\/en\/offres\/preparateur-de-commandes-h-f-13\/","url":"https:\/\/www.noz.fr\/en\/offres\/preparateur-de-commandes-h-f-13\/","name":"Préparateur de commandes H\/F - Noz","isPartOf":{"@id":"https:\/\/www.noz.fr\/#website"},"datePublished":"2026-04-18T21:20:21+00:00","dateModified":"2026-04-30T07:15:25+00:00","breadcrumb":{"@id":"https:\/\/www.noz.fr\/en\/offres\/preparateur-de-commandes-h-f-13\/#breadcrumb"},"inLanguage":"en-GB","potentialAction":[{"@type":"ReadAction","target":["https:\/\/www.noz.fr\/en\/offres\/preparateur-de-commandes-h-f-13\/"]}]},{"@type":"BreadcrumbList","@id":"https:\/\/www.noz.fr\/en\/offres\/preparateur-de-commandes-h-f-13\/#breadcrumb","itemListElement":[{"@type":"ListItem","position":1,"name":"Accueil","item":"https:\/\/www.noz.fr\/"},{"@type":"ListItem","position":2,"name":"Préparateur de commandes H\/F"}]},{"@type":"WebSite","@id":"https:\/\/www.noz.fr\/#website","url":"https:\/\/www.noz.fr\/","name":"Noz","description":"","potentialAction":[{"@type":"SearchAction","target":{"@type":"EntryPoint","urlTemplate":"https:\/\/www.noz.fr\/?s={search_term_string}"},"query-input":{"@type":"PropertyValueSpecification","valueRequired":true,"valueName":"search_term_string"}}],"inLanguage":"en-GB"}]}</script>
<!-- / Yoast SEO plugin. -->

Préparateur de commandes H/F - Noz

NOZ, 100% bonnes affaires &#8211; 100% économie circulaire, recherche ses futurs talents ! Chez Noz, nous considérons que chaque collaborateur est un talent et tous les profils sont les bienvenus Envie de rejoindre un projet ambitieux ? Devenez préparateur de commandes pour notre entrepôt du Genest-Saint-Isle Votre futur quotidien chez NOZ :Notre dépôt logistique approvisionne [&hellip;]
