{"id":129723,"date":"2025-02-17T08:55:11","date_gmt":"2026-04-18T21:20:39","guid":{"rendered":"https:\/\/www.noz.fr\/?post_type=job_listing&#038;p=129723"},"modified":"2026-04-30T07:55:43","modified_gmt":"2026-04-30T05:55:43","slug":"chef-de-projet-amoa-confirme-h-f-21","status":"publish","type":"job_listing","link":"https:\/\/www.noz.fr\/es\/offres\/chef-de-projet-amoa-confirme-h-f-21\/","title":{"rendered":"Chef de Projet AMOA Confirm\u00e9 H\/F"},"content":{"rendered":"<p>\ud83c\udf0d<strong><u> \u00c0 propos de NOZ <\/u><\/strong><br \/>NOZ, c\u2019est 100% bonnes affaires et 100% \u00e9conomie circulaire. Depuis plus de 48 ans, nous revalorisons des lots de marchandises issus de plus de 230 000 fournisseurs internationaux au sein de notre r\u00e9seau de magasins. Avec nos 6 500 collaborateurs, nous continuons de grandir et de nous d\u00e9velopper \u00e0 l\u2019international !<\/p>\n<p>Dans le cadre du renforcement de notre \u00e9quipe AMOA, nous sommes \u00e0 la recherche d&rsquo;un <strong>Chef de Projet AMOA confirm\u00e9 (H\/F) en CDI !<\/strong><\/p>\n<p>\ud83c\udfaf <strong><u>Votre challenge&nbsp;<\/u><\/strong><\/p>\n<p>Vous aurez la <strong>responsabilit\u00e9 compl\u00e8te<\/strong> de projets en lien avec des m\u00e9tiers tr\u00e8s diversifi\u00e9s. En collaboration avec les \u00e9quipes m\u00e9tier et techniques, vous <strong>pilotez, cadencez et coordonnez<\/strong> les diff\u00e9rentes \u00e9tapes, en garantissant la r\u00e9ussite des initiatives et en contribuant activement \u00e0 notre <strong>excellence op\u00e9rationnelle<\/strong> et \u00e0 la <strong>satisfaction client<\/strong><\/p>\n<p><strong>Vos missions :<\/strong><\/p>\n<p><strong>\ud83d\udd0d&nbsp;Analyse et d\u00e9finition des besoins<\/strong><\/p>\n<ul>\n<li>\n<p>Collaborer avec les m\u00e9tiers internes pour <strong>recueillir et formaliser leurs besoins<\/strong> en identifiant les key users.<\/p>\n<\/li>\n<li>\n<p>Travailler avec les \u00e9quipes techniques afin de <strong>prendre en compte les contraintes d\u2019architecture, de s\u00e9curit\u00e9 (RSSI) et d\u2019interfaces<\/strong>.<\/p>\n<\/li>\n<li>\n<p>R\u00e9diger un <strong>cahier des charges structur\u00e9<\/strong> et valid\u00e9 par toutes les parties prenantes.<\/p>\n<\/li>\n<\/ul>\n<p><strong>\ud83d\udee0\ufe0f&nbsp;Conception et sp\u00e9cification<\/strong><\/p>\n<ul>\n<li>\n<p>Animer ou co-animer&nbsp;des <strong>ateliers d\u2019\u00e9tudes et d\u2019analyses fonctionnelles<\/strong> avec les utilisateurs m\u00e9tier.<\/p>\n<\/li>\n<li>\n<p>Participer activement aux phases de <strong>mod\u00e9lisation et de sp\u00e9cifications<\/strong>.<\/p>\n<\/li>\n<li>\n<p>R\u00e9diger les <strong>documents de cadrage<\/strong>, les <strong>sp\u00e9cifications fonctionnelles<\/strong>, et mod\u00e9liser les cas d\u2019usage.<\/p>\n<\/li>\n<li>\n<p>D\u00e9finir les <strong>crit\u00e8res de test<\/strong><\/p>\n<\/li>\n<\/ul>\n<p><strong>\ud83d\udcca&nbsp;Coordination et qualit\u00e9<\/strong><\/p>\n<ul>\n<li>\n<p>\u00c9laborer et suivre la <strong>strat\u00e9gie de recette<\/strong>.<\/p>\n<\/li>\n<li>\n<p>Superviser l\u2019ex\u00e9cution des <strong>tests utilisateurs<\/strong> et garantir la qualit\u00e9 du d\u00e9ploiement.<\/p>\n<\/li>\n<li>\n<p>S\u2019assurer que <strong>les livrables r\u00e9pondent aux attentes<\/strong> et aux exigences m\u00e9tiers.<\/p>\n<\/li>\n<li>\n<p>Contribuer activement \u00e0 la <strong>transmission des connaissances et comp\u00e9tences<\/strong> aupr\u00e8s des \u00e9quipes.<\/p>\n<\/li>\n<\/ul>\n<p><strong>\ud83d\udce3&nbsp;Accompagnement au changement et formation<\/strong><\/p>\n<ul>\n<li>\n<p>Sensibiliser et acculturer les \u00e9quipes m\u00e9tiers en proposant des <strong>d\u00e9monstrations adapt\u00e9es<\/strong>.<\/p>\n<\/li>\n<li>\n<p>Accompagner la <strong>prise en main des outils et des nouvelles fonctionnalit\u00e9s<\/strong>.<\/p>\n<\/li>\n<li>\n<p>Assurer un <strong>retour d\u2019exp\u00e9rience projet<\/strong> et capitaliser sur les apprentissages.<\/p>\n<\/li>\n<\/ul>\n<p><strong>\ud83d\udd04&nbsp;En continu, vous\u2026<\/strong><\/p>\n<ul>\n<li>\n<p>Restez <strong>proche des m\u00e9tiers<\/strong> pour anticiper leurs besoins et probl\u00e9matiques.<\/p>\n<\/li>\n<li>\n<p>Documentez l\u2019ensemble des <strong>projets, analyses et supports<\/strong> de pr\u00e9sentation\/r\u00e9alisation.<\/p>\n<\/li>\n<li>\n<p>Assurez une <strong>communication fluide et efficace<\/strong>, adapt\u00e9e aux diff\u00e9rents niveaux de l\u2019entreprise.<\/p>\n<\/li>\n<li>\n<p>Garantissez <strong>clart\u00e9, transparence et visibilit\u00e9<\/strong> sur l\u2019avancement des projets<\/p>\n<\/li>\n<\/ul>","protected":false},"author":0,"featured_media":0,"template":"","meta":{"_acf_changed":false,"inline_featured_image":false,"_promoted":"","_job_location":"Saint Berthevin","_application":"noreply@noz.fr","_company_name":"","_company_website":"","_company_tagline":"","_company_twitter":"","_company_video":"","_filled":0,"_featured":0,"_remote_position":0,"_job_salary":"","_job_salary_currency":"","_job_salary_unit":"","_links_to":"","_links_to_target":""},"job-categories":[],"job-types":[127],"departement":[28],"metier":[],"region":[29],"secteur_dactivite":[104],"class_list":{"0":"post-129723","1":"job_listing","2":"type-job_listing","3":"status-publish","4":"hentry","5":"departement-mayenne","6":"region-pays-de-la-loire","7":"secteur_dactivite-informatique","9":"job-type-temps-plein-a-duree-indeterminee"},"acf":[],"yoast_head":"<!-- This site is optimized with the Yoast SEO plugin v27.5 - https:\/\/yoast.com\/product\/yoast-seo-wordpress\/ -->\n<title>Chef de Projet AMOA Confirm\u00e9 H\/F - Noz<\/title>\n<meta name=\"robots\" content=\"index, follow, max-snippet:-1, max-image-preview:large, max-video-preview:-1\" \/>\n<link rel=\"canonical\" href=\"https:\/\/www.noz.fr\/es\/offres\/chef-de-projet-amoa-confirme-h-f-21\/\" \/>\n<meta property=\"og:locale\" content=\"es_ES\" \/>\n<meta property=\"og:type\" content=\"article\" \/>\n<meta property=\"og:title\" content=\"Chef de Projet AMOA Confirm\u00e9 H\/F - Noz\" \/>\n<meta property=\"og:description\" content=\"\ud83c\udf0d \u00c0 propos de NOZ NOZ, c\u2019est 100% bonnes affaires et 100% \u00e9conomie circulaire. Depuis plus de 48 ans, nous revalorisons des lots de marchandises issus de plus de 230 000 fournisseurs internationaux au sein de notre r\u00e9seau de magasins. Avec nos 6 500 collaborateurs, nous continuons de grandir et de nous d\u00e9velopper \u00e0 l\u2019international [&hellip;]\" \/>\n<meta property=\"og:url\" content=\"https:\/\/www.noz.fr\/es\/offres\/chef-de-projet-amoa-confirme-h-f-21\/\" \/>\n<meta property=\"og:site_name\" content=\"Noz\" \/>\n<meta property=\"article:modified_time\" content=\"2026-04-30T05:55:43+00:00\" \/>\n<meta name=\"twitter:card\" content=\"summary_large_image\" \/>\n<meta name=\"twitter:label1\" content=\"Tiempo de lectura\" \/>\n\t<meta name=\"twitter:data1\" content=\"2 minutos\" \/>\n<script type=\"application\/ld+json\" class=\"yoast-schema-graph\">{\"@context\":\"https:\\\/\\\/schema.org\",\"@graph\":[{\"@type\":\"WebPage\",\"@id\":\"https:\\\/\\\/www.noz.fr\\\/es\\\/offres\\\/chef-de-projet-amoa-confirme-h-f-21\\\/\",\"url\":\"https:\\\/\\\/www.noz.fr\\\/es\\\/offres\\\/chef-de-projet-amoa-confirme-h-f-21\\\/\",\"name\":\"Chef de Projet AMOA Confirm\u00e9 H\\\/F - Noz\",\"isPartOf\":{\"@id\":\"https:\\\/\\\/www.noz.fr\\\/#website\"},\"datePublished\":\"2026-04-18T21:20:39+00:00\",\"dateModified\":\"2026-04-30T05:55:43+00:00\",\"breadcrumb\":{\"@id\":\"https:\\\/\\\/www.noz.fr\\\/es\\\/offres\\\/chef-de-projet-amoa-confirme-h-f-21\\\/#breadcrumb\"},\"inLanguage\":\"es\",\"potentialAction\":[{\"@type\":\"ReadAction\",\"target\":[\"https:\\\/\\\/www.noz.fr\\\/es\\\/offres\\\/chef-de-projet-amoa-confirme-h-f-21\\\/\"]}]},{\"@type\":\"BreadcrumbList\",\"@id\":\"https:\\\/\\\/www.noz.fr\\\/es\\\/offres\\\/chef-de-projet-amoa-confirme-h-f-21\\\/#breadcrumb\",\"itemListElement\":[{\"@type\":\"ListItem\",\"position\":1,\"name\":\"Accueil\",\"item\":\"https:\\\/\\\/www.noz.fr\\\/\"},{\"@type\":\"ListItem\",\"position\":2,\"name\":\"Chef de Projet AMOA Confirm\u00e9 H\\\/F\"}]},{\"@type\":\"WebSite\",\"@id\":\"https:\\\/\\\/www.noz.fr\\\/#website\",\"url\":\"https:\\\/\\\/www.noz.fr\\\/\",\"name\":\"Noz\",\"description\":\"\",\"potentialAction\":[{\"@type\":\"SearchAction\",\"target\":{\"@type\":\"EntryPoint\",\"urlTemplate\":\"https:\\\/\\\/www.noz.fr\\\/?s={search_term_string}\"},\"query-input\":{\"@type\":\"PropertyValueSpecification\",\"valueRequired\":true,\"valueName\":\"search_term_string\"}}],\"inLanguage\":\"es\"}]}<\/script>\n<!-- \/ Yoast SEO plugin. -->","yoast_head_json":{"title":"Chef de Projet AMOA Confirm\u00e9 H\/F - Noz","robots":{"index":"index","follow":"follow","max-snippet":"max-snippet:-1","max-image-preview":"max-image-preview:large","max-video-preview":"max-video-preview:-1"},"canonical":"https:\/\/www.noz.fr\/es\/offres\/chef-de-projet-amoa-confirme-h-f-21\/","og_locale":"es_ES","og_type":"article","og_title":"Chef de Projet AMOA Confirm\u00e9 H\/F - Noz","og_description":"\ud83c\udf0d \u00c0 propos de NOZ NOZ, c\u2019est 100% bonnes affaires et 100% \u00e9conomie circulaire. Depuis plus de 48 ans, nous revalorisons des lots de marchandises issus de plus de 230 000 fournisseurs internationaux au sein de notre r\u00e9seau de magasins. Avec nos 6 500 collaborateurs, nous continuons de grandir et de nous d\u00e9velopper \u00e0 l\u2019international [&hellip;]","og_url":"https:\/\/www.noz.fr\/es\/offres\/chef-de-projet-amoa-confirme-h-f-21\/","og_site_name":"Noz","article_modified_time":"2026-04-30T05:55:43+00:00","twitter_card":"summary_large_image","twitter_misc":{"Tiempo de lectura":"2 minutos"},"schema":{"@context":"https:\/\/schema.org","@graph":[{"@type":"WebPage","@id":"https:\/\/www.noz.fr\/es\/offres\/chef-de-projet-amoa-confirme-h-f-21\/","url":"https:\/\/www.noz.fr\/es\/offres\/chef-de-projet-amoa-confirme-h-f-21\/","name":"Chef de Projet AMOA Confirm\u00e9 H\/F - Noz","isPartOf":{"@id":"https:\/\/www.noz.fr\/#website"},"datePublished":"2026-04-18T21:20:39+00:00","dateModified":"2026-04-30T05:55:43+00:00","breadcrumb":{"@id":"https:\/\/www.noz.fr\/es\/offres\/chef-de-projet-amoa-confirme-h-f-21\/#breadcrumb"},"inLanguage":"es","potentialAction":[{"@type":"ReadAction","target":["https:\/\/www.noz.fr\/es\/offres\/chef-de-projet-amoa-confirme-h-f-21\/"]}]},{"@type":"BreadcrumbList","@id":"https:\/\/www.noz.fr\/es\/offres\/chef-de-projet-amoa-confirme-h-f-21\/#breadcrumb","itemListElement":[{"@type":"ListItem","position":1,"name":"Accueil","item":"https:\/\/www.noz.fr\/"},{"@type":"ListItem","position":2,"name":"Chef de Projet AMOA Confirm\u00e9 H\/F"}]},{"@type":"WebSite","@id":"https:\/\/www.noz.fr\/#website","url":"https:\/\/www.noz.fr\/","name":"Noz","description":"","potentialAction":[{"@type":"SearchAction","target":{"@type":"EntryPoint","urlTemplate":"https:\/\/www.noz.fr\/?s={search_term_string}"},"query-input":{"@type":"PropertyValueSpecification","valueRequired":true,"valueName":"search_term_string"}}],"inLanguage":"es"}]}},"_links":{"self":[{"href":"https:\/\/www.noz.fr\/es\/wp-json\/wp\/v2\/job-listings\/129723","targetHints":{"allow":["GET"]}}],"collection":[{"href":"https:\/\/www.noz.fr\/es\/wp-json\/wp\/v2\/job-listings"}],"about":[{"href":"https:\/\/www.noz.fr\/es\/wp-json\/wp\/v2\/types\/job_listing"}],"wp:attachment":[{"href":"https:\/\/www.noz.fr\/es\/wp-json\/wp\/v2\/media?parent=129723"}],"wp:term":[{"taxonomy":"job_listing_category","embeddable":true,"href":"https:\/\/www.noz.fr\/es\/wp-json\/wp\/v2\/job-categories?post=129723"},{"taxonomy":"job_listing_type","embeddable":true,"href":"https:\/\/www.noz.fr\/es\/wp-json\/wp\/v2\/job-types?post=129723"},{"taxonomy":"departement","embeddable":true,"href":"https:\/\/www.noz.fr\/es\/wp-json\/wp\/v2\/departement?post=129723"},{"taxonomy":"metier","embeddable":true,"href":"https:\/\/www.noz.fr\/es\/wp-json\/wp\/v2\/metier?post=129723"},{"taxonomy":"region","embeddable":true,"href":"https:\/\/www.noz.fr\/es\/wp-json\/wp\/v2\/region?post=129723"},{"taxonomy":"secteur_dactivite","embeddable":true,"href":"https:\/\/www.noz.fr\/es\/wp-json\/wp\/v2\/secteur_dactivite?post=129723"}],"curies":[{"name":"wp","href":"https:\/\/api.w.org\/{rel}","templated":true}]}}

Chef de Projet AMOA Confirmé H/F

<p>🌍<strong><u> À propos de NOZ </u></strong><br />NOZ, c’est 100% bonnes affaires et 100% économie circulaire. Depuis plus de 48 ans, nous revalorisons des lots de marchandises issus de plus de 230 000 fournisseurs internationaux au sein de notre réseau de magasins. Avec nos 6 500 collaborateurs, nous continuons de grandir et de nous développer à l’international !</p>
<p>Dans le cadre du renforcement de notre équipe AMOA, nous sommes à la recherche d&rsquo;un <strong>Chef de Projet AMOA confirmé (H/F) en CDI !</strong></p>
<p>🎯 <strong><u>Votre challenge&nbsp;</u></strong></p>
<p>Vous aurez la <strong>responsabilité complète</strong> de projets en lien avec des métiers très diversifiés. En collaboration avec les équipes métier et techniques, vous <strong>pilotez, cadencez et coordonnez</strong> les différentes étapes, en garantissant la réussite des initiatives et en contribuant activement à notre <strong>excellence opérationnelle</strong> et à la <strong>satisfaction client</strong></p>
<p><strong>Vos missions :</strong></p>
<p><strong>🔍&nbsp;Analyse et définition des besoins</strong></p>
<ul>
<li>
<p>Collaborer avec les métiers internes pour <strong>recueillir et formaliser leurs besoins</strong> en identifiant les key users.</p>
</li>
<li>
<p>Travailler avec les équipes techniques afin de <strong>prendre en compte les contraintes d’architecture, de sécurité (RSSI) et d’interfaces</strong>.</p>
</li>
<li>
<p>Rédiger un <strong>cahier des charges structuré</strong> et validé par toutes les parties prenantes.</p>
</li>
</ul>
<p><strong>🛠️&nbsp;Conception et spécification</strong></p>
<ul>
<li>
<p>Animer ou co-animer&nbsp;des <strong>ateliers d’études et d’analyses fonctionnelles</strong> avec les utilisateurs métier.</p>
</li>
<li>
<p>Participer activement aux phases de <strong>modélisation et de spécifications</strong>.</p>
</li>
<li>
<p>Rédiger les <strong>documents de cadrage</strong>, les <strong>spécifications fonctionnelles</strong>, et modéliser les cas d’usage.</p>
</li>
<li>
<p>Définir les <strong>critères de test</strong></p>
</li>
</ul>
<p><strong>📊&nbsp;Coordination et qualité</strong></p>
<ul>
<li>
<p>Élaborer et suivre la <strong>stratégie de recette</strong>.</p>
</li>
<li>
<p>Superviser l’exécution des <strong>tests utilisateurs</strong> et garantir la qualité du déploiement.</p>
</li>
<li>
<p>S’assurer que <strong>les livrables répondent aux attentes</strong> et aux exigences métiers.</p>
</li>
<li>
<p>Contribuer activement à la <strong>transmission des connaissances et compétences</strong> auprès des équipes.</p>
</li>
</ul>
<p><strong>📣&nbsp;Accompagnement au changement et formation</strong></p>
<ul>
<li>
<p>Sensibiliser et acculturer les équipes métiers en proposant des <strong>démonstrations adaptées</strong>.</p>
</li>
<li>
<p>Accompagner la <strong>prise en main des outils et des nouvelles fonctionnalités</strong>.</p>
</li>
<li>
<p>Assurer un <strong>retour d’expérience projet</strong> et capitaliser sur les apprentissages.</p>
</li>
</ul>
<p><strong>🔄&nbsp;En continu, vous…</strong></p>
<ul>
<li>
<p>Restez <strong>proche des métiers</strong> pour anticiper leurs besoins et problématiques.</p>
</li>
<li>
<p>Documentez l’ensemble des <strong>projets, analyses et supports</strong> de présentation/réalisation.</p>
</li>
<li>
<p>Assurez une <strong>communication fluide et efficace</strong>, adaptée aux différents niveaux de l’entreprise.</p>
</li>
<li>
<p>Garantissez <strong>clarté, transparence et visibilité</strong> sur l’avancement des projets</p>
</li>
</ul>

<!-- This site is optimized with the Yoast SEO plugin v27.5 - https://yoast.com/product/yoast-seo-wordpress/ -->
<title>Chef de Projet AMOA Confirmé H/F - Noz</title>
<meta name="robots" content="index, follow, max-snippet:-1, max-image-preview:large, max-video-preview:-1" />
<link rel="canonical" href="https://www.noz.fr/es/offres/chef-de-projet-amoa-confirme-h-f-21/" />
<meta property="og:locale" content="es_ES" />
<meta property="og:type" content="article" />
<meta property="og:title" content="Chef de Projet AMOA Confirmé H/F - Noz" />
<meta property="og:description" content="🌍 À propos de NOZ NOZ, c’est 100% bonnes affaires et 100% économie circulaire. Depuis plus de 48 ans, nous revalorisons des lots de marchandises issus de plus de 230 000 fournisseurs internationaux au sein de notre réseau de magasins. Avec nos 6 500 collaborateurs, nous continuons de grandir et de nous développer à l’international [&hellip;]" />
<meta property="og:url" content="https://www.noz.fr/es/offres/chef-de-projet-amoa-confirme-h-f-21/" />
<meta property="og:site_name" content="Noz" />
<meta property="article:modified_time" content="2026-04-30T05:55:43+00:00" />
<meta name="twitter:card" content="summary_large_image" />
<meta name="twitter:label1" content="Tiempo de lectura" />
	<meta name="twitter:data1" content="2 minutos" />
<script type="application/ld+json" class="yoast-schema-graph">{"@context":"https:\/\/schema.org","@graph":[{"@type":"WebPage","@id":"https:\/\/www.noz.fr\/es\/offres\/chef-de-projet-amoa-confirme-h-f-21\/","url":"https:\/\/www.noz.fr\/es\/offres\/chef-de-projet-amoa-confirme-h-f-21\/","name":"Chef de Projet AMOA Confirmé H\/F - Noz","isPartOf":{"@id":"https:\/\/www.noz.fr\/#website"},"datePublished":"2026-04-18T21:20:39+00:00","dateModified":"2026-04-30T05:55:43+00:00","breadcrumb":{"@id":"https:\/\/www.noz.fr\/es\/offres\/chef-de-projet-amoa-confirme-h-f-21\/#breadcrumb"},"inLanguage":"es","potentialAction":[{"@type":"ReadAction","target":["https:\/\/www.noz.fr\/es\/offres\/chef-de-projet-amoa-confirme-h-f-21\/"]}]},{"@type":"BreadcrumbList","@id":"https:\/\/www.noz.fr\/es\/offres\/chef-de-projet-amoa-confirme-h-f-21\/#breadcrumb","itemListElement":[{"@type":"ListItem","position":1,"name":"Accueil","item":"https:\/\/www.noz.fr\/"},{"@type":"ListItem","position":2,"name":"Chef de Projet AMOA Confirmé H\/F"}]},{"@type":"WebSite","@id":"https:\/\/www.noz.fr\/#website","url":"https:\/\/www.noz.fr\/","name":"Noz","description":"","potentialAction":[{"@type":"SearchAction","target":{"@type":"EntryPoint","urlTemplate":"https:\/\/www.noz.fr\/?s={search_term_string}"},"query-input":{"@type":"PropertyValueSpecification","valueRequired":true,"valueName":"search_term_string"}}],"inLanguage":"es"}]}</script>
<!-- / Yoast SEO plugin. -->

Chef de Projet AMOA Confirmé H/F - Noz

🌍 À propos de NOZ NOZ, c’est 100% bonnes affaires et 100% économie circulaire. Depuis plus de 48 ans, nous revalorisons des lots de marchandises issus de plus de 230 000 fournisseurs internationaux au sein de notre réseau de magasins. Avec nos 6 500 collaborateurs, nous continuons de grandir et de nous développer à l’international [&hellip;]
